j + 26 = 0. Suppose 0 = -2*n - a, 3*c + n - 219 = 133. Is c composite?
True
Let y(d) be the first derivative of 9*d**3 + 7*d**2/2 + 7*d - 3. Let t be y(-7). Suppose 6*u - t = 3*u. Is u a composite number?
True
Suppose -3*b + 2*o + 25 = 0, -3*b + 3*o - 5*o = -17. Let q be 208/(-10)*880/(-32). Suppose -b*x = -3*x - q. Is x composite?
True
Let u be (1 - 1)/(6/(-2)). Suppose -l + 1576 - 197 = u. Suppose 0 = 4*k - m - l, 1325 = 3*k - 5*m + 312. Is k a prime number?
False
Let k(l) = -27*l**2 - 3*l + 2. Let s be k(1). Suppose 5*w + 159 = -51. Let q = s - w. Is q a prime number?
False
Let g(u) = 2530*u + 51. Is g(2) a prime number?
False
Let v(x) = 7*x**2 - 4*x - 5. Suppose -37 = -3*t + 23. Let r be 24/t*5 - 0. Is v(r) a composite number?
False
Is ((-28)/(-10))/(10/1525) composite?
True
Let d(t) be the first derivative of -t**4/4 + 2*t**3 + 7*t**2/2 + 10*t + 2. Let n = 19 + -12. Is d(n) composite?
True
Let w be (-156)/(-42) + (-2)/(-7). Let n(i) = w - 4*i + 11*i**2 + 9 - i**3 - 6. Is n(8) a composite number?
False
Is 19/(-4) + 4 - 355640/(-32) a prime number?
True
Is (6152/16)/((-6)/(-12)) a prime number?
True
Let k(c) = -c**2 - 4*c - 2. Let x be k(-2). Suppose 0 = -4*p - 3*r + 4411, x - 12 = -2*r. Is p prime?
False
Suppose 0 = -4*l - 4*v - 0*v - 20, -3*v = 4*l + 15. Suppose -3*w - 4 = -4*t, 2*t + l*t - 2 = 3*w. Suppose 4*n = -w*n + 460. Is n a prime number?
False
Let c(n) = 4777*n + 287. Is c(6) prime?
True
Suppose n - 1712 + 10474 = 3*f, -4*n - 8759 = -3*f. Is f a composite number?
True
Suppose 2*f + 2*h + 353 = 4835, 0 = -5*f + 2*h + 11177. Is f composite?
False
Suppose -7*i + 3*i = 24. Let j = -896 - 1305. Let n = i - j. Is n a prime number?
False
Let s be -9*(-20)/(-16)*-108. Is 7/(-1) + 5 + s composite?
False
Let i = -331 + 540. Suppose 0*m - m + i = g, -2*m + 412 = 5*g. Is m a composite number?
False
Let n = 39 - 23. Suppose n - 7 = l. Suppose -12*a = -l*a - 921. Is a composite?
False
Let g(y) = 76*y**2 + 5*y + 2. Let o be g(-4). Suppose 0 = -6*k + 308 + o. Is k composite?
False
Let a(f) = 143*f**2 + 1. Let i be a(1). Let j = i + 155. Is j composite?
True
Suppose -4*f + 4852 + 1192 = 2*j, j = 4*f - 6038. Suppose -3*h = -z - f, 0 = -5*h + z - 769 + 3289. Is h a prime number?
False
Suppose -5878 = -2*g - 4*j, 5*j + 14650 = 24*g - 19*g. Is g a prime number?
False
Suppose -93 = -5*a + 32. Is -5 + 5/(a/17580) prime?
True
Let y(a) be the third derivative of -6*a**2 + 0*a - 3/2*a**3 + 0 + 5/4*a**4. Is y(10) prime?
False
Suppose 8366 = 5*p - 1884. Let k = p + -1401. Is k a composite number?
True
Suppose 0 = d + 152 + 85. Let f = 1908 + d. Is f composite?
True
Suppose 5*j - 4*o = 364119, 3*j - 108575 = -o + 109910. Is j a composite number?
True
Suppose -5 = -4*r + 11. Suppose 10*q + 21195 = 15*q. Is q/18*r/6 a prime number?
True
Suppose 4*j + 5348 = -2952. Let n = -1452 - j. Is n a composite number?
True
Let k(h) = -h**2 + 7*h - 3. Let v be k(6). Suppose -v*b = 2*b - 185. Let q = b + -14. Is q prime?
True
Suppose -2*o = 3*w - 6599 - 1218, -5*w - 2*o = -13035. Is w a composite number?
False
Let h(t) = 2 - t - 2 - 5 + 1. Let i be h(-4). Suppose 55 = 2*d - 5*g, i*d + 3*g = -d + 44. Is d prime?
False
Suppose 17 = 3*m - j, -5 = -m - 4*m - 3*j. Let x be 10287/(-36) - 1/m. Let q = x + 497. Is q composite?
False
Suppose 1081 = -5*o - 424. Let w = o + -223. Let g = w - -1191. Is g composite?
True
Suppose 32*o = 36*o - 8. Suppose 121 = o*b + g - 202, -2*g = 2*b - 320. Is b prime?
True
Let i(x) = 5*x**2 + 12*x - 19. Let m = -66 - -74. Is i(m) a composite number?
False
Is (30712/8 - -6)/1 prime?
False
Let f(y) = y**2 - 8*y + 40. Is f(7) a prime number?
False
Let h be 186/36 - 2/12. Suppose -107 = -h*l + 78. Is l a composite number?
False
Let r = -6 - -6. Is 0 + r - (-2167 - (-2 - 4)) a composite number?
False
Suppose 5*z + 10 - 1 = -2*b, -3*b + 3*z = -18. Suppose 3*v - b*f = 240, 2*f - 4*f - 314 = -4*v. Is v composite?
True
Let t be ((-22)/55 - 24/(-10)) + 4. Is (-43483)/(-66) + 1/t a prime number?
True
Suppose 5*a + 29 - 44 = 0. Suppose 5*r = 4*m + 7727, a*m - 4620 = -4*r + r. Is r a composite number?
False
Let p(c) = 14*c - 136. Let m be p(10). Let q = -8593 - -14348. Suppose -v = m*v - q. Is v a prime number?
True
Let j = 550 - 157. Suppose -j - 499 = -4*w. Is w composite?
False
Let k = -15 - -27. Suppose 0 = -0*c - 3*c + k. Suppose -265 = -p - c*p. Is p a composite number?
False
Let t(d) = d**2 + d - 4. Let x be t(-3). Suppose x*r = 3*h + 2*h - 1111, 5*h = 3*r + 1109. Is h composite?
False
Let x(q) = 236*q**2 + 18*q + 3. Is x(-5) a composite number?
False
Let p = 688 + 19. Is p a composite number?
True
Let s(j) = -12*j**2 - 16*j + 37. Let z be s(-14). Let k = -1238 - z. Is k a prime number?
True
Suppose -17836 + 93437 = 19*v. Is v prime?
False
Suppose -5*p = -2*z - 23, -5*p = -4*z - 27 + 6. Suppose -p*j = 4*w - 3*j - 688, -5*w + 860 = -j. Suppose -f = w - 429. Is f composite?
False
Let p(y) = 2*y**2 - 2*y. Let l(u) = 4*u**2 + 10*u - 13. Let h(d) = -l(d) + 3*p(d). Let q = 19 - 28. Is h(q) a composite number?
True
Suppose -5*d + 30 = -5*k, 4*k - 19 = -d - 48. Let x(f) = f**3 + 6*f**2 - 11*f - 7. Is x(k) a prime number?
False
Suppose 2*f = 614 + 532. Is f a prime number?
False
Suppose 18510 = -94*l + 100*l. Is l a prime number?
False
Suppose -3*l + 6104 = -25003. Is l prime?
True
Suppose 0 = -5*z - 5*v + 1000, 2*z = -2*v + v + 402. Suppose 0*o + 3*t + z = o, 5*o + 5*t = 1070. Is o a composite number?
False
Let i = 41 - 43. Is ((-3 - -4 - -920) + i)*1 composite?
False
Let i = 958 + -669. Is i prime?
False
Let n(c) = -c**3 + 19*c**2 - 77. Is n(17) a composite number?
True
Let y = 94341 + -56812. Is y a prime number?
True
Suppose 0 = -15*q + 9*q + 1404. Suppose -68 + q = 2*c. Is c a prime number?
True
Let m(y) = -y**3 + 5*y**2 + 3*y + 20. Let q be m(6). Is -3 - 12/(-8) - (-16633)/q prime?
False
Suppose 2*r = 0, -4*w - 3*r - 7783 = -56571. Is w a composite number?
False
Is 412998/12 + (-21)/(-14) composite?
True
Let k = 20 + 6. Let z be 4/k - (-378)/78. Suppose 4 = -8*i + 4*i, -z*w + i + 1656 = 0. Is w a composite number?
False
Let j = -925 - -1218. Is j a prime number?
True
Suppose -d = 4*p + 14, 4*d + 5*p + 6 = -17. Is (-2641)/(-19) + 3 + d/2 a prime number?
False
Is 3012 + (6 + 0 - 1) prime?
False
Let u be (-2)/(480/245 + -2). Let o = u - 23. Is o prime?
False
Let b = -29 + 29. Suppose b = -0*i + 3*i. Suppose -4*p - 2*s + 1946 = i, 0 = 4*p - 7*p + 5*s + 1466. Is p composite?
False
Let m(c) = -14*c**2 + 3*c - 2. Let d be m(1). Let q(b) = 17*b**2 - 28*b - 16. Is q(d) composite?
False
Suppose -14*h - 35 = 231. Let b(v) = -2*v**3 - 26*v**2 + 2*v + 33. Is b(h) composite?
False
Let m = -16 - -16. Suppose -f = 2*d - 669, 0*d + 5*f = -2*d + 681. Is 2 + 0 + d - m a prime number?
False
Let x be -3427*((-2)/(-3))/((-10)/15). Suppose -x = -4*l - 911. Is l prime?
False
Let y = -74 + 66. Let w(k) = -k**3 + 4*k**2 + 18*k + 7. Is w(y) composite?
False
Suppose -12*z + 23*z - 68167 = 0. Is z a composite number?
False
Let s(l) = -4*l**2 - 13*l - 4. Let p be s(-9). Let i = -92 - p. Let g = -30 + i. Is g a composite number?
False
Suppose -2*j = -6*j + 104. Suppose 132 = j*q - 23*q. Is q/(-12)*-1*411 prime?
False
Let j be 8/(-24) - 7/(-3). Let t(m) = m. Let w be t(j). Suppose 6*g = w*g + 148. Is g prime?
True
Let a(j) = -j**3 + 29*j**2 + 28*j - 25. Is a(28) composite?
False
Let t = 2 + 3. Let f be 4/(-5)*22*t. Is (f/(-12))/((-6)/(-99)) composite?
True
Let g(y) = y**2 - 12*y - 2. Let x be g(13). Let q(z) = -6*z - x - 7*z - 8*z. Is q(-9) prime?
False
Suppose -3*s = 3*y - 15816, 3*s = -8*y + 4*y + 21085. Is y composite?
True
Suppose -2*m - 5*g - 1 + 0 = 0, -4*m - 3*g = 9. Is m - (-1 + 5)*-130 prime?
False
Let v(h) = -34*h + 15. Is v(-14) composite?
False
Suppose 169978 = 5*j - 2*o - 825783, 0 = -3*j + 5*o + 597468. Is j prime?
True
Let x be 1/(-3)*0 - -2. Suppose -4*n = -x*g - 1464, 2*n + 3*g + 0*g - 740 = 0. Is n prime?
True
Suppose -12*m + 161322 = -29034. Is m composite?
True
Let i(m) be the third derivative of 20*m**5 - m**4/24 - 38*m**2. Is i(-1) composite?
False
Let z = -619 - -317. Let v = z - -1389. Is v composite?
False
Let x = -4607 - -7534. Is x a composite number?
False
Suppose m - 253 = -2*i, 4*m + 5*i - 799 = 198. Let q = -148 - -16. Let l = m + q. Is l a prime number?
F